{"id":3521,"date":"2021-12-15T13:49:05","date_gmt":"2021-12-15T12:49:05","guid":{"rendered":"https:\/\/aurorenivet.com\/?page_id=3521"},"modified":"2023-11-24T14:38:40","modified_gmt":"2023-11-24T13:38:40","slug":"boutique-fermee","status":"publish","type":"page","link":"https:\/\/aurorenivet.com\/index.php\/boutique-fermee\/","title":{"rendered":"Boutique ferm\u00e9e"},"content":{"rendered":"<p>[vc_row content_placement=\u00a0\u00bbmiddle\u00a0\u00bb][vc_column][vc_single_image image=\u00a0\u00bb3680&Prime; img_size=\u00a0\u00bbfull\u00a0\u00bb alignment=\u00a0\u00bbcenter\u00a0\u00bb][vc_empty_space][\/vc_column][\/vc_row][vc_row][vc_column][vc_column_text]<\/p>\n<p style=\"text-align: center;\"><strong>La boutique en ligne ferme ses portes pendant quelques temps<\/strong><\/p>\n<p style=\"text-align: center;\"><strong>Vous pouvez retrouver mes cr\u00e9ations en boutique<\/strong><\/p>\n<p>&nbsp;<\/p>\n<h5 style=\"text-align: center;\"><strong>A l&rsquo;Ile d&rsquo;Ol\u00e9ron<\/strong><\/h5>\n<p class=\"DUwDvf lfPIob\" style=\"text-align: center;\"><strong>L&rsquo; Inattendue Atelier Boutique<\/strong><\/p>\n<p style=\"text-align: center;\">20 Rue Georges Clemenceau, 17480 Le Ch\u00e2teau-d&rsquo;Ol\u00e9ron<\/p>\n<p style=\"text-align: center;\">0516847565<\/p>\n<p>&nbsp;<\/p>\n<h5 style=\"text-align: center;\"><strong>A bordeaux<\/strong><\/h5>\n<p class=\"DUwDvf lfPIob\" style=\"text-align: center;\"><strong>Fortiche Club &#8211; Concept store<\/strong><\/p>\n<p style=\"text-align: center;\">8 Rue des Bahutiers, 33000 Bordeaux<\/p>\n<p style=\"text-align: center;\"><a href=\"https:\/\/forticheclub.com\/\">Site web<\/a><\/p>\n<p>&nbsp;<\/p>\n<p>&nbsp;<\/p>\n<h5 style=\"text-align: center;\"><strong>\u00c0 tr\u00e8s bient\u00f4t !<\/strong><\/h5>\n<p>[\/vc_column_text][\/vc_column][\/vc_row]<\/p>\n","protected":false},"excerpt":{"rendered":"<p>[vc_row content_placement=\u00a0\u00bbmiddle\u00a0\u00bb][vc_column][vc_single_image image=\u00a0\u00bb3680&Prime; img_size=\u00a0\u00bbfull\u00a0\u00bb alignment=\u00a0\u00bbcenter\u00a0\u00bb][vc_empty_space][\/vc_column][\/vc_row][vc_row][vc_column][vc_column_text] La boutique en ligne ferme ses portes pendant quelques temps Vous pouvez retrouver mes cr\u00e9ations en boutique &nbsp; A l&rsquo;Ile d&rsquo;Ol\u00e9ron L&rsquo; Inattendue Atelier Boutique 20 Rue Georges Clemenceau, 17480 Le Ch\u00e2teau-d&rsquo;Ol\u00e9ron 0516847565 &nbsp; A bordeaux [&hellip;]<\/p>\n","protected":false},"author":1,"featured_media":0,"parent":0,"menu_order":0,"comment_status":"closed","ping_status":"closed","template":"","meta":{"om_disable_all_campaigns":false,"_monsterinsights_skip_tracking":false,"_monsterinsights_sitenote_active":false,"_monsterinsights_sitenote_note":"","_monsterinsights_sitenote_category":0,"footnotes":""},"class_list":["post-3521","page","type-page","status-publish","hentry"],"aioseo_notices":[],"jetpack_sharing_enabled":true,"_links":{"self":[{"href":"https:\/\/aurorenivet.com\/index.php\/wp-json\/wp\/v2\/pages\/3521","targetHints":{"allow":["GET"]}}],"collection":[{"href":"https:\/\/aurorenivet.com\/index.php\/wp-json\/wp\/v2\/pages"}],"about":[{"href":"https:\/\/aurorenivet.com\/index.php\/wp-json\/wp\/v2\/types\/page"}],"author":[{"embeddable":true,"href":"https:\/\/aurorenivet.com\/index.php\/wp-json\/wp\/v2\/users\/1"}],"replies":[{"embeddable":true,"href":"https:\/\/aurorenivet.com\/index.php\/wp-json\/wp\/v2\/comments?post=3521"}],"version-history":[{"count":6,"href":"https:\/\/aurorenivet.com\/index.php\/wp-json\/wp\/v2\/pages\/3521\/revisions"}],"predecessor-version":[{"id":3916,"href":"https:\/\/aurorenivet.com\/index.php\/wp-json\/wp\/v2\/pages\/3521\/revisions\/3916"}],"wp:attachment":[{"href":"https:\/\/aurorenivet.com\/index.php\/wp-json\/wp\/v2\/media?parent=3521"}],"curies":[{"name":"wp","href":"https:\/\/api.w.org\/{rel}","templated":true}]}}