{"id":2968,"date":"2021-02-16T15:33:43","date_gmt":"2021-02-16T14:33:43","guid":{"rendered":"http:\/\/aurorenivet.com\/?page_id=2968"},"modified":"2024-12-16T11:49:50","modified_gmt":"2024-12-16T10:49:50","slug":"faq","status":"publish","type":"page","link":"https:\/\/aurorenivet.com\/index.php\/faq\/","title":{"rendered":"FAQ"},"content":{"rendered":"<p>[vc_row row_content_width=\u00a0\u00bbgrid\u00a0\u00bb][vc_column][vc_column_text]<\/p>\n<h2 style=\"text-align: center;\">F.A.Q.<\/h2>\n<p>&nbsp;<\/p>\n<p>Vous avez une question en t\u00eate\u00a0? Il se pourrait que vous y retrouviez la r\u00e9ponse ci-dessous\u00a0!<\/p>\n<p>Si ce n\u2019est pas le cas, n\u2019h\u00e9sitez pas \u00e0 me contacter <a href=\"https:\/\/aurorenivet.com\/index.php\/contact\/\">par ici<\/a>[\/vc_column_text][vc_empty_space height=\u00a0\u00bb50px\u00a0\u00bb][vc_column_text]<\/p>\n<h3><strong>Mon parcours<\/strong><\/h3>\n<p>[\/vc_column_text][vc_empty_space height=\u00a0\u00bb50px\u00a0\u00bb]<div class=\"eltdf-accordion-holder eltdf-ac-default  eltdf-accordion eltdf-ac-boxed  clearfix\">\n\t<h5 class=\"eltdf-accordion-title\">\n    <span class=\"eltdf-accordion-mark\">\n\t\t<span class=\"eltdf_icon_plus icon_plus\"><\/span>\n\t\t<span class=\"eltdf_icon_minus icon_minus-06\"><\/span>\n\t<\/span>\n\t<span class=\"eltdf-tab-title\">Quelle est ma formation artistique ?<\/span>\n<\/h5>\n<div class=\"eltdf-accordion-content\">\n\t<div class=\"eltdf-accordion-content-inner\">\n\t\t[vc_column_text]J&rsquo;ai suivi une formation en Master Illustration, au cours de laquelle j&rsquo;ai explor\u00e9 diverses techniques traditionnelles et num\u00e9riques. Cela m&rsquo;a permis de r\u00e9aliser une large gamme de projets, allant du jeu de soci\u00e9t\u00e9 au court-m\u00e9trage d&rsquo;animation, en passant par le livre. \u00c0 l&rsquo;issue de ce parcours, j&rsquo;ai d\u00e9but\u00e9 ma carri\u00e8re d&rsquo;illustratrice freelance en tant qu&rsquo;Artiste-Auteur. Cette nouvelle \u00e9tape est une source constante d&rsquo;\u00e9volution professionnelle, me permettant de d\u00e9couvrir des projets toujours plus vari\u00e9s et passionnants.[\/vc_column_text]\t<\/div>\n<\/div><\/div>[vc_column_text]<\/p>\n<h3><strong>Ma technique | Mon inspiration<\/strong><\/h3>\n<p>[\/vc_column_text][vc_empty_space height=\u00a0\u00bb50px\u00a0\u00bb]<div class=\"eltdf-accordion-holder eltdf-ac-default  eltdf-accordion eltdf-ac-boxed  clearfix\">\n\t<h5 class=\"eltdf-accordion-title\">\n    <span class=\"eltdf-accordion-mark\">\n\t\t<span class=\"eltdf_icon_plus icon_plus\"><\/span>\n\t\t<span class=\"eltdf_icon_minus icon_minus-06\"><\/span>\n\t<\/span>\n\t<span class=\"eltdf-tab-title\">Quelles techniques de r\u00e9alisation est-ce que j\u2019utilise ?<\/span>\n<\/h5>\n<div class=\"eltdf-accordion-content\">\n\t<div class=\"eltdf-accordion-content-inner\">\n\t\t[vc_column_text]Je travaille principalement le dessin sur tablette graphique, en utilisant les logiciels Photoshop ou Illustrator. Cependant, je ne peux pas r\u00e9sister \u00e0 l&rsquo;attrait des techniques traditionnelles, que ce soit \u00e0 l&rsquo;encre de Chine, au feutre noir, ou encore avec de l&rsquo;acrylique et de l&rsquo;encre aquarellable. Je choisis et j&rsquo;adapte ma technique en fonction des besoins sp\u00e9cifiques de chaque projet.[\/vc_column_text]\t<\/div>\n<\/div><h5 class=\"eltdf-accordion-title\">\n    <span class=\"eltdf-accordion-mark\">\n\t\t<span class=\"eltdf_icon_plus icon_plus\"><\/span>\n\t\t<span class=\"eltdf_icon_minus icon_minus-06\"><\/span>\n\t<\/span>\n\t<span class=\"eltdf-tab-title\">Quelles sont les diff\u00e9rentes \u00e9tapes de la r\u00e9alisation de tes projets ?<\/span>\n<\/h5>\n<div class=\"eltdf-accordion-content\">\n\t<div class=\"eltdf-accordion-content-inner\">\n\t\t[vc_column_text]<\/p>\n<ol>\n<li><strong>\u00c9change avec le client<\/strong> : Je m&rsquo;assure de bien comprendre tous les d\u00e9tails du projet en discutant avec le client.<\/li>\n<li><strong>Cr\u00e9ation du Moodboard<\/strong> : Je rassemble les inspirations du client et les miennes pour d\u00e9finir la palette de couleurs, les \u00e9l\u00e9ments \u00e0 int\u00e9grer, l\u2019ambiance et la composition de l\u2019image.<\/li>\n<li><strong>Proposition de pistes<\/strong> : Je propose diff\u00e9rentes pistes sous forme de croquis, accompagn\u00e9es de la palette de couleurs envisag\u00e9e.<\/li>\n<li><strong>R\u00e9visions et ajustements<\/strong> : Apr\u00e8s plusieurs \u00e9changes et ajustements \u00e9ventuels, le visuel est valid\u00e9.<\/li>\n<li><strong>R\u00e9alisation finale<\/strong> : Je passe \u00e0 la mise au propre de l&rsquo;image en suivant la m\u00e9thode pr\u00e9\u00e9tablie avec le client lors du brief.<\/li>\n<li><strong>Envoi du fichier final<\/strong> : Le visuel est envoy\u00e9 en haute d\u00e9finition, dans les formats appropri\u00e9s pour son utilisation.<\/li>\n<\/ol>\n<p>[\/vc_column_text]\t<\/div>\n<\/div><h5 class=\"eltdf-accordion-title\">\n    <span class=\"eltdf-accordion-mark\">\n\t\t<span class=\"eltdf_icon_plus icon_plus\"><\/span>\n\t\t<span class=\"eltdf_icon_minus icon_minus-06\"><\/span>\n\t<\/span>\n\t<span class=\"eltdf-tab-title\">Quelles sont mes inspirations ?<\/span>\n<\/h5>\n<div class=\"eltdf-accordion-content\">\n\t<div class=\"eltdf-accordion-content-inner\">\n\t\t[vc_column_text]Mes inspirations varient en fonction des saisons, de mon humeur et de mes \u00e9motions. Cependant, ce qui reste constant, c\u2019est mon d\u00e9sir d\u2019exprimer par l\u2019image ce que les mots peinent \u00e0 d\u00e9crire, ou tout simplement de cr\u00e9er ma propre vision du \u00ab beau \u00bb. Pendant mes \u00e9tudes, j\u2019ai eu l\u2019opportunit\u00e9 d\u2019avoir des cours de mod\u00e8le vivant. Cela m\u2019a appris de percevoir les corps autrement : la courbure d\u2019une hanche, ou l\u2019omoplate angulaire, des formes uniques et magnifiques, mais faisant partie d\u2019un tout. J\u2019appr\u00e9cie l\u2019id\u00e9e que chaque corps exprime l\u2019histoire de la personne. Au-del\u00e0 des personnages, j\u2019aime passer du temps sur les chemins entour\u00e9s de for\u00eat, sur une plage d\u00e9serte \u00e0 \u00e9couter les vagues, \u00eatre au sommet d\u2019une montagne. L\u2019organique prend une grande place dans mes r\u00e9alisations. De plus en plus, mes illustrations appellent au calme et au <em>slow-life<\/em>. Je me nourris de tout ce que je vois. J\u2019utilise \u00e9galement des outils pour rassembler des images r\u00e9f\u00e9rences et mon petit favori n\u2019a pas chang\u00e9 depuis un moment, Pinterest.[\/vc_column_text]\t<\/div>\n<\/div><\/div>[vc_column_text]<\/p>\n<h3><strong>Travailler avec moi<\/strong><\/h3>\n<p>[\/vc_column_text][vc_empty_space height=\u00a0\u00bb50px\u00a0\u00bb]<div class=\"eltdf-accordion-holder eltdf-ac-default  eltdf-accordion eltdf-ac-boxed  clearfix\">\n\t<h5 class=\"eltdf-accordion-title\">\n    <span class=\"eltdf-accordion-mark\">\n\t\t<span class=\"eltdf_icon_plus icon_plus\"><\/span>\n\t\t<span class=\"eltdf_icon_minus icon_minus-06\"><\/span>\n\t<\/span>\n\t<span class=\"eltdf-tab-title\">Sur quels types de projets est-ce que je travaille ?<\/span>\n<\/h5>\n<div class=\"eltdf-accordion-content\">\n\t<div class=\"eltdf-accordion-content-inner\">\n\t\t[vc_column_text]Les projets sur lesquels je travaille sont vari\u00e9s, pour mon plus grand plaisir : \u00e9dition, \u00e9dition jeunesse, p\u00e9dagogie, publicit\u00e9, packaging, et m\u00eame identit\u00e9 visuelle. Mes r\u00e9alisations sont \u00e0 destination des supports <em>print<\/em> et web. Mon m\u00e9tier m\u2019offre l\u2019opportunit\u00e9 de travailler dans pleins d\u2019univers diff\u00e9rents et chaque projet repr\u00e9sente une nouvelle aventure.[\/vc_column_text]\t<\/div>\n<\/div><h5 class=\"eltdf-accordion-title\">\n    <span class=\"eltdf-accordion-mark\">\n\t\t<span class=\"eltdf_icon_plus icon_plus\"><\/span>\n\t\t<span class=\"eltdf_icon_minus icon_minus-06\"><\/span>\n\t<\/span>\n\t<span class=\"eltdf-tab-title\">Comment est calcul\u00e9 le prix d\u2019une illustration ?<\/span>\n<\/h5>\n<div class=\"eltdf-accordion-content\">\n\t<div class=\"eltdf-accordion-content-inner\">\n\t\t[vc_column_text]Mes prestations ne sont pas tarif\u00e9es pour une raison : chaque demande est \u00e0 prendre en consid\u00e9ration et pr\u00e9sente des caract\u00e9ristiques uniques qui doivent \u00eatre \u00e9tudi\u00e9es pour proposer un prix juste. Une illustration est d\u00e9finie par son format, sa couleur, sa technique, sa composition, sa cible, son support, le mat\u00e9riel utilis\u00e9 ainsi que le temps pass\u00e9 \u00e0 la r\u00e9aliser. Tous ces \u00e9l\u00e9ments sont \u00e0 prendre en compte dans l\u2019\u00e9laboration d\u2019un devis et c\u2019est pour cela que je prends le soin d\u2019\u00e9couter et de demander les d\u00e9tails du projet au Client.[\/vc_column_text]\t<\/div>\n<\/div><h5 class=\"eltdf-accordion-title\">\n    <span class=\"eltdf-accordion-mark\">\n\t\t<span class=\"eltdf_icon_plus icon_plus\"><\/span>\n\t\t<span class=\"eltdf_icon_minus icon_minus-06\"><\/span>\n\t<\/span>\n\t<span class=\"eltdf-tab-title\">Comment obtenir un devis ?<\/span>\n<\/h5>\n<div class=\"eltdf-accordion-content\">\n\t<div class=\"eltdf-accordion-content-inner\">\n\t\t[vc_column_text]Il suffit de me contacter <a href=\"https:\/\/aurorenivet.com\/index.php\/contact\/\">par ici<\/a> et je me ferai un plaisir de r\u00e9pondre \u00e0 vos demandes et \u00e9tudier votre projet pour \u00e9tablir un devis gratuit. N\u2019h\u00e9sitez pas aussi \u00e0 me contacter si vous avez d\u2019autres questions\u00a0![\/vc_column_text]\t<\/div>\n<\/div><\/div>[vc_empty_space height=\u00a0\u00bb50px\u00a0\u00bb][\/vc_column][\/vc_row]<\/p>\n","protected":false},"excerpt":{"rendered":"<p>[vc_row row_content_width=\u00a0\u00bbgrid\u00a0\u00bb][vc_column][vc_column_text] F.A.Q. &nbsp; Vous avez une question en t\u00eate\u00a0? Il se pourrait que vous y retrouviez la r\u00e9ponse ci-dessous\u00a0! Si ce n\u2019est pas le cas, n\u2019h\u00e9sitez pas \u00e0 me contacter par ici[\/vc_column_text][vc_empty_space height=\u00a0\u00bb50px\u00a0\u00bb][vc_column_text] Mon parcours [\/vc_column_text][vc_empty_space height=\u00a0\u00bb50px\u00a0\u00bb][vc_column_text] Ma technique | [&hellip;]<\/p>\n","protected":false},"author":1,"featured_media":0,"parent":0,"menu_order":0,"comment_status":"closed","ping_status":"closed","template":"full-width.php","meta":{"om_disable_all_campaigns":false,"_monsterinsights_skip_tracking":false,"_monsterinsights_sitenote_active":false,"_monsterinsights_sitenote_note":"","_monsterinsights_sitenote_category":0,"footnotes":""},"class_list":["post-2968","page","type-page","status-publish","hentry"],"aioseo_notices":[],"jetpack_sharing_enabled":true,"_links":{"self":[{"href":"https:\/\/aurorenivet.com\/index.php\/wp-json\/wp\/v2\/pages\/2968","targetHints":{"allow":["GET"]}}],"collection":[{"href":"https:\/\/aurorenivet.com\/index.php\/wp-json\/wp\/v2\/pages"}],"about":[{"href":"https:\/\/aurorenivet.com\/index.php\/wp-json\/wp\/v2\/types\/page"}],"author":[{"embeddable":true,"href":"https:\/\/aurorenivet.com\/index.php\/wp-json\/wp\/v2\/users\/1"}],"replies":[{"embeddable":true,"href":"https:\/\/aurorenivet.com\/index.php\/wp-json\/wp\/v2\/comments?post=2968"}],"version-history":[{"count":21,"href":"https:\/\/aurorenivet.com\/index.php\/wp-json\/wp\/v2\/pages\/2968\/revisions"}],"predecessor-version":[{"id":3927,"href":"https:\/\/aurorenivet.com\/index.php\/wp-json\/wp\/v2\/pages\/2968\/revisions\/3927"}],"wp:attachment":[{"href":"https:\/\/aurorenivet.com\/index.php\/wp-json\/wp\/v2\/media?parent=2968"}],"curies":[{"name":"wp","href":"https:\/\/api.w.org\/{rel}","templated":true}]}}